a multiple of 168?
True
Is 9 a factor of 927988?
False
Does 280 divide 608705?
False
Does 215 divide 844408?
False
Is 514 a factor of 3368818?
False
Is 2047191 a multiple of 17?
True
Is 10004 a multiple of 82?
True
Is 34 a factor of 1458736?
True
Is 229 a factor of 37377?
False
Is 17469 a multiple of 27?
True
Does 484 divide 9595571?
False
Does 5 divide 764046?
False
Does 14 divide 2908126?
False
Does 27 divide 2843861?
False
Is 320 a factor of 266775?
False
Is 3 a factor of 7946?
False
Is 6086874 a multiple of 231?
False
Does 14 divide 5699161?
False
Is 205910 a multiple of 3?
False
Does 35 divide 2290890?
True
Is 22582 a multiple of 14?
True
Does 6 divide 2236320?
True
Is 77 a factor of 361891?
False
Is 184 a factor of 764461?
False
Is 1236614 a multiple of 34?
True
Is 28 a factor of 1055106?
False
Is 49 a factor of 235053?
True
Is 10 a factor of 3391967?
False
Does 10 divide 917070?
True
Is 62342 a multiple of 73?
True
Is 386280 a multiple of 180?
True
Does 104 divide 580825?
False
Is 222 a factor of 24872508?
False
Is 69 a factor of 1069546?
False
Does 8 divide 4448?
True
Is 477576 a multiple of 36?
True
Is 11 a factor of 669623?
False
Does 339 divide 153567?
True
Is 61014 a multiple of 16?
False
Does 319 divide 1213795?
True
Is 2091614 a multiple of 343?
True
Is 407482 a multiple of 158?
True
Does 37 divide 2106447?
True
Is 14 a factor of 1868426?
True
Does 9 divide 195297?
False
Is 203 a factor of 131430?
False
Is 34984 a multiple of 17?
False
Is 230 a factor of 38976?
False
Is 500742 a multiple of 33?
True
Does 52 divide 32864?
True
Does 236 divide 923856?
False
Does 19 divide 23275?
True
Does 272 divide 14551?
False
Does 28 divide 5253181?
False
Is 84 a factor of 40937?
False
Does 9 divide 1881052?
False
Is 236700 a multiple of 300?
True
Does 251 divide 38403?
True
Is 12886 even?
True
Is 9524 a multiple of 12?
False
Does 98 divide 84378?
True
Is 666 a factor of 32625652?
False
Does 27 divide 83494?
False
Does 140 divide 105563?
False
Is 4330 a multiple of 5?
True
Is 31086 a multiple of 9?
True
Does 6 divide 88194?
True
Is 3598350 a multiple of 161?
True
Does 114 divide 1033824?
False
Does 88 divide 817861?
False
Is 4227 a multiple of 13?
False
Does 71 divide 367851?
True
Is 47 a factor of 511959?
False
Is 10794630 a multiple of 231?
True
Does 50 divide 1857200?
True
Is 8 a factor of 149440?
True
Is 367740 a multiple of 180?
True
Is 29 a factor of 87812?
True
Is 31 a factor of 62564?
False
Is 189 a factor of 2303895?
False
Is 12 a factor of 37395?
False
Does 325 divide 1412921?
False
Is 17746212 a multiple of 699?
True
Is 85761 a multiple of 97?
False
Is 13 a factor of 1026727?
True
Is 360332 a multiple of 68?
True
Is 39582 a multiple of 27?
True
Is 223234 a multiple of 278?
True
Is 6380513 a multiple of 72?
False
Does 255 divide 27105480?
True
Is 61 a factor of 15850?
False
Is 3526631 a multiple of 14?
False
Is 1845984 a multiple of 1072?
True
Does 213 divide 167492?
False
Is 687 a factor of 706923?
True
Does 126 divide 365274?
True
Does 11 divide 275813?
False
Does 96 divide 229513?
False
Does 111 divide 29694276?
True
Does 96 divide 145502?
False
Does 734 divide 2927192?
True
Does 59 divide 138768?
True
Does 41 divide 790070?
True
Is 1477226 a multiple of 142?
True
Does 781 divide 1368312?
True
Is 53 a factor of 101495?
True
Is 27920 a multiple of 20?
True
Is 131422 a multiple of 146?
False
Does 18 divide 71676?
True
Does 17 divide 50811?
False
Does 20 divide 232820?
True
Is 79 a factor of 417515?
True
Is 153649 a multiple of 2?
False
Does 1028 divide 3355392?
True
Does 12 divide 314906?
False
Is 9381112 a multiple of 378?
False
Is 11 a factor of 16074?
False
Is 3 a factor of 26710?
False
Is 616590 a multiple of 26?
True
Does 3 divide 15719?
False
Does 146 divide 191844?
True
Is 4 a factor of 275224?
True
Is 50 a factor of 2893908?
False
Does 12 divide 595584?
True
Does 4 divide 5048076?
True
Is 352522 a multiple of 26?
False
Does 101 divide 13057886?
True
Is 2350484 a multiple of 192?
False
Is 389353 a multiple of 22?
False
Is 161 a factor of 90138?
False
Is 25 a factor of 1108175?
True
Does 4 divide 1976614?
False
Is 75843 a multiple of 22?
False
Is 23 a factor of 235001?
False
Is 4158130 a multiple of 815?
True
Is 7852733 a multiple of 12?
False
Is 206840 a multiple of 35?
False
Is 194090 a multiple of 65?
True
Is 87 a factor of 201704?
False
Is 4203183 a multiple of 110?
False
Is 24459231 a multiple of 15?
False
Is 23 a factor of 147292?
True
Is 1095502 a multiple of 223?
False
Is 1039650 a multiple of 11?
False
Does 101 divide 296738?
True
Is 379055 a multiple of 4?
False
Is 13 a factor of 1949275?
False
Is 1945836 a multiple of 108?
True
Does 55 divide 195690?
True
Does 11 divide 861736?
False
Does 136 divide 1354587?
False
Is 15 a factor of 499986?
False
Does 10 divide 18030?
True
Is 15491082 a multiple of 6?
True
Is 168 a factor of 31395?
False
Is 27 a factor of 10957896?
True
Is 18034990 a multiple of 38?
True
Is 16225 a multiple of 39?
False
Is 9 a factor of 1889505?
True
Is 5188731 a multiple of 23?
True
Is 12589 a multiple of 371?
False
Is 7 a factor of 5453012?
False
Is 109 a factor of 283269?
False
Is 15 a factor of 1865483?
False
Is 1413127 a multiple of 26?
False
Does 42 divide 211386?
True
Does 10 divide 1410?
True
Is 47 a factor of 4875081?
False
Does 16 divide 795120?
True
Does 52 divide 4422637?
False
Is 34 a factor of 5896688?
True
Is 32 a factor of 8718?
False
Does 127 divide 1102032?
False
Is 5326414 a multiple of 193?
True
Is 67 a factor of 73700?
True
Is 37487 even?
False
Does 57 divide 2497854?
True
Is 230 a factor of 146459?
False
Is 174343 a multiple of 373?
False
Is 31 a factor of 85702?
False
Is 559820 a multiple of 460?
True
Is 28 a factor of 25088?
True
Does 1067 divide 5773373?
False
Is 16 a factor of 297122?
False
Is 8 a factor of 2252923?
False
Is 209063 a multiple of 27?
False
Does 208 divide 4422912?
True
Does 160 divide 356072?
False
Is 6015765 a multiple of 705?
True
Is 4850836 a multiple of 41?
False
Is 163 a factor of 5274680?
True
Does 3 divide 887881?
False
Is 348177 a multiple of 80?
False
Does 10 divide 228797?
False
Is 99176 a multiple of 92?
True
Is 356896 a multiple of 17?
False
Is 14560 a multiple of 20?
True
Is 165817 a multiple of 53?
False
Is 41 a factor of 513416?
False
Does 397 divide 4748120?
True
Does 30 divide 76770?
True
Does 14 divide 9090004?
True
Does 3 divide 524388?
True
Does 44 divide 539968?
True
Is 3 a factor of 6441?
True
Is 83465 a multiple of 82?
False
Does 161 divide 521949?
False
Is 21 a factor of 80703?
True
Does 204 divide 167484?
True
Is 100717 a multiple of 24?
False
Does 225 divide 105075?
True
Is 26 a factor of 1044286?
False
Is 5 a factor of 5716?
False
Is 443 a factor of 14887015?
True
Does 137 divide 1496999?
True
Is 17 a factor of 9799030?
False
Does 16 divide 2337712?
True
Is 45 a factor of 16636950?
True
Is 16 a factor of 6012592?
True
Is 13 a factor of 360546?
False
Is 744804 a multiple of 51?
True
Is 9584838 a multiple of 318?
True
Is 683 a factor of 8169348?
False
Is 225127 a multiple of 32?
False
Does 251 divide 1747421?
False
Does 40 divide 194826?
False
Does 14 divide 11998?
True
Does 94 divide 42786?
False
Does 1777 divide 9210191?
True
Is 1057 a factor of 7914816?
True
Is 2978016 a multiple of 926?
True
Does 19 divide 129428?
True
Is 187 a factor of 829532?
True
Does 339 divide 1080107?
False
Is 23808 a multiple of 93?
True
Is 19 a factor of 1261238?
False
Does 113 divide 642518?
True
Is 98 a factor of 431004?
True
Is 11 a factor of 2082883?
True
Is 7780 a multiple of 8?
False
Is 269173 a multiple of 9?
False
Does 386 divide 4659792?
True
Does 56 divide 5741288?
True
Is 44 a factor of 1672?
True
Is 23 a factor of 1147746?
True
Is 19 a factor of 212040?
True
Is 10812 a multiple of 11?
False
Is 363601 a multiple of 42?
False
Is 843045 a multiple of 155?
True
Is 114137 a multiple of 203?
False
Is 232 a factor of 11030440?
True
Does 41 divide 46412?
True
Is 339636 a multiple of 332?
True
Is 4244436 a multiple of 22?
False
Is 205364 a multiple of 409?
False
Is 20 a factor of 3376751?
False
Is 215 a factor of 3482570?
True
Is 9 a factor of 195097?
False
Is 552029 a multiple of 684?
False
Does 242 divide 1656?
False
Is 14 a factor of 2089556?
Tru